{"id":8650,"date":"2025-05-28T11:34:54","date_gmt":"2025-05-28T15:34:54","guid":{"rendered":"https:\/\/pcj-ccp.ca\/?page_id=8650"},"modified":"2026-03-09T11:50:58","modified_gmt":"2026-03-09T15:50:58","slug":"droits-de-la-personne","status":"publish","type":"page","link":"https:\/\/pcj-ccp.ca\/fr\/droits-de-la-personne\/","title":{"rendered":"Droits de la personne"},"content":{"rendered":"<p><div class=\"fusion-fullwidth fullwidth-box fusion-builder-row-1 fusion-flex-container nonhundred-percent-fullwidth non-hundred-percent-height-scrolling\" style=\"--awb-border-radius-top-left:0px;--awb-border-radius-top-right:0px;--awb-border-radius-bottom-right:0px;--awb-border-radius-bottom-left:0px;--awb-padding-right:10%;--awb-padding-left:10%;--awb-flex-wrap:wrap;\" ><div class=\"fusion-builder-row fusion-row fusion-flex-align-items-stretch fusion-flex-content-wrap\" style=\"max-width:1248px;margin-left: calc(-4% \/ 2 );margin-right: calc(-4% \/ 2 );\"><div class=\"fusion-layout-column fusion_builder_column fusion-builder-column-0 fusion_builder_column_1_1 1_1 fusion-flex-column\" style=\"--awb-bg-blend:overlay;--awb-bg-size:cover;--awb-width-large:100%;--awb-margin-top-large:10px;--awb-spacing-right-large:1.92%;--awb-margin-bottom-large:10px;--awb-spacing-left-large:1.92%;--awb-width-medium:100%;--awb-order-medium:0;--awb-spacing-right-medium:1.92%;--awb-spacing-left-medium:1.92%;--awb-width-small:100%;--awb-order-small:0;--awb-spacing-right-small:1.92%;--awb-spacing-left-small:1.92%;\"><div class=\"fusion-column-wrapper fusion-column-has-shadow fusion-flex-justify-content-flex-start fusion-content-layout-column\"><div class=\"fusion-text fusion-text-1\" style=\"--awb-text-transform:none;\"><p>Le Comit\u00e9 d&rsquo;experts des droits de la personne prend toute d\u00e9cision conform\u00e9ment \u00e0 son <a href=\"https:\/\/pcj-ccp.ca\/wp-content\/uploads\/2025\/06\/Cadre-de-reference-HRDP_Mai2025.pdf\">Cadre de r\u00e9f\u00e9rence<\/a>. Il se r\u00e9unit g\u00e9n\u00e9ralement 4 fois par ann\u00e9e.<\/p>\n<p><span style=\"background-color: rgba(255, 255, 255, 0); color: var(--body_typography-color); font-family: var(--body_typography-font-family); font-size: var(--body_typography-font-size); font-style: var(--body_typography-font-style,normal); font-weight: var(--body_typography-font-weight); letter-spacing: var(--body_typography-letter-spacing);\">Il est actuellement form\u00e9 de <\/span><span style=\"background-color: rgba(255, 255, 255, 0); color: var(--body_typography-color); font-family: var(--body_typography-font-family); font-size: var(--body_typography-font-size); font-style: var(--body_typography-font-style,normal); font-weight: var(--body_typography-font-weight); letter-spacing: var(--body_typography-letter-spacing);\">Catherine Dauvergne (pr\u00e9sidente), Lucie Lamarche, Brenda Young, Samantha Peters, Edward B\u00e9chard Torres, Shalini Konanur et Patricia Paradis. Les biographies des membres peuvent \u00eatre consult\u00e9es sur le <a href=\"https:\/\/www.canada.ca\/fr\/patrimoine-canadien\/services\/financement\/programme-contestation-judiciaire\/membres-comite-droits-personne.html\">site Web de Patrimoine canadien<\/a>.\u00a0<\/span><\/p>\n<p><span style=\"background-color: rgba(255, 255, 255, 0); color: var(--body_typography-color); font-family: var(--body_typography-font-family); font-size: var(--body_typography-font-size); font-style: var(--body_typography-font-style,normal); font-weight: var(--body_typography-font-weight); letter-spacing: var(--body_typography-letter-spacing);\">\u00a0<\/span><\/p>\n<\/div><\/div><\/div><\/div><\/div><div class=\"fusion-fullwidth fullwidth-box fusion-builder-row-2 fusion-flex-container nonhundred-percent-fullwidth non-hundred-percent-height-scrolling\" style=\"--awb-border-radius-top-left:0px;--awb-border-radius-top-right:0px;--awb-border-radius-bottom-right:0px;--awb-border-radius-bottom-left:0px;--awb-padding-right:30%;--awb-padding-left:30%;--awb-flex-wrap:wrap;\" ><div class=\"fusion-builder-row fusion-row fusion-flex-align-items-flex-start fusion-flex-content-wrap\" style=\"max-width:1248px;margin-left: calc(-4% \/ 2 );margin-right: calc(-4% \/ 2 );\"><div class=\"fusion-layout-column fusion_builder_column fusion-builder-column-1 fusion_builder_column_1_1 1_1 fusion-flex-column\" style=\"--awb-bg-size:cover;--awb-width-large:100%;--awb-margin-top-large:10px;--awb-spacing-right-large:1.92%;--awb-margin-bottom-large:10px;--awb-spacing-left-large:1.92%;--awb-width-medium:100%;--awb-order-medium:0;--awb-spacing-right-medium:1.92%;--awb-spacing-left-medium:1.92%;--awb-width-small:100%;--awb-order-small:0;--awb-spacing-right-small:1.92%;--awb-spacing-left-small:1.92%;\"><div class=\"fusion-column-wrapper fusion-column-has-shadow fusion-flex-justify-content-flex-start fusion-content-layout-column\"><div class=\"fusion-text fusion-text-2\" style=\"--awb-text-transform:none;\"><h2 style=\"text-align: center;\">Calendrier des dates limites<br \/>\npour soumettre des demandes et<br \/>\ndes dates de r\u00e9union du Comit\u00e9 d\u2019experts<\/h2>\n<\/div>\n<div class=\"table-2\">\n<table width=\"100%\">\n<thead>\n<tr>\n<th style=\"text-align: center;\" align=\"left\">Dates limites pour soumettre une demande<\/th>\n<th style=\"text-align: center;\" align=\"left\">Dates des r\u00e9unions du Comit\u00e9 d&rsquo;experts<\/th>\n<\/tr>\n<\/thead>\n<tbody>\n<tr>\n<td style=\"text-align: center;\" align=\"left\">22 janvier 2026<\/td>\n<td style=\"text-align: center;\" align=\"left\">4 mars 2026<\/td>\n<\/tr>\n<tr>\n<td style=\"text-align: center;\" align=\"left\"><strong>15 avril 2026<\/strong><\/td>\n<td style=\"text-align: center;\" align=\"left\"><strong>5 juin 2026<\/strong><\/td>\n<\/tr>\n<tr>\n<td style=\"text-align: center;\" align=\"left\">20 juillet 2026<\/td>\n<td style=\"text-align: center;\" align=\"left\">11 septembre 2026<\/td>\n<\/tr>\n<tr>\n<td style=\"text-align: center;\" align=\"left\">16 octobre 2026<\/td>\n<td style=\"text-align: center;\" align=\"left\">7 d\u00e9cembre 2026<\/td>\n<\/tr>\n<\/tbody>\n<\/table>\n<\/div>\n<div class=\"fusion-separator fusion-full-width-sep\" style=\"align-self: center;margin-left: auto;margin-right: auto;margin-bottom:25px;width:100%;\"><\/div><div class=\"fusion-text fusion-text-3\" style=\"--awb-font-size:18px;--awb-line-height:1.2;--awb-letter-spacing:0px;--awb-text-transform:none;--awb-text-color:var(--awb-custom10);--awb-text-font-family:&quot;Raleway&quot;;--awb-text-font-style:normal;--awb-text-font-weight:700;\"><p class=\"fusion-responsive-typography-calculated\" style=\"--fontsize: 18; line-height: 1.2; --minfontsize: 18; text-align: center;\" data-fontsize=\"18\" data-lineheight=\"21.6px\"><strong>*Les demandes re\u00e7ues apr\u00e8s la date limite seront trait\u00e9es lors de la r\u00e9union suivante du Comit\u00e9 d\u2019experts.<\/strong><\/p>\n<\/div><\/div><\/div><\/div><\/div><\/p>\n","protected":false},"excerpt":{"rendered":"","protected":false},"author":3,"featured_media":0,"parent":0,"menu_order":0,"comment_status":"closed","ping_status":"closed","template":"100-width.php","meta":{"footnotes":""},"class_list":["post-8650","page","type-page","status-publish","hentry"],"yoast_head":"<!-- This site is optimized with the Yoast SEO plugin v27.3 - https:\/\/yoast.com\/product\/yoast-seo-wordpress\/ -->\n<title>Droits de la personne - PCJ CCP<\/title>\n<meta name=\"description\" content=\"Composition du Comit\u00e9 d&#039;experts des droits de la personne et calendrier des dates limites pour soumettre une demande de financement.\" \/>\n<meta name=\"robots\" content=\"index, follow, max-snippet:-1, max-image-preview:large, max-video-preview:-1\" \/>\n<link rel=\"canonical\" href=\"https:\/\/pcj-ccp.ca\/fr\/droits-de-la-personne\/\" \/>\n<meta property=\"og:locale\" content=\"fr_FR\" \/>\n<meta property=\"og:type\" content=\"article\" \/>\n<meta property=\"og:title\" content=\"Droits de la personne - PCJ CCP\" \/>\n<meta property=\"og:description\" content=\"Composition du Comit\u00e9 d&#039;experts des droits de la personne et calendrier des dates limites pour soumettre une demande de financement.\" \/>\n<meta property=\"og:url\" content=\"https:\/\/pcj-ccp.ca\/fr\/droits-de-la-personne\/\" \/>\n<meta property=\"og:site_name\" content=\"PCJ CCP\" \/>\n<meta property=\"article:modified_time\" content=\"2026-03-09T15:50:58+00:00\" \/>\n<meta name=\"twitter:card\" content=\"summary_large_image\" \/>\n<meta name=\"twitter:label1\" content=\"Dur\u00e9e de lecture estim\u00e9e\" \/>\n\t<meta name=\"twitter:data1\" content=\"1 minute\" \/>\n<script type=\"application\/ld+json\" class=\"yoast-schema-graph\">{\"@context\":\"https:\\\/\\\/schema.org\",\"@graph\":[{\"@type\":\"WebPage\",\"@id\":\"https:\\\/\\\/pcj-ccp.ca\\\/fr\\\/droits-de-la-personne\\\/\",\"url\":\"https:\\\/\\\/pcj-ccp.ca\\\/fr\\\/droits-de-la-personne\\\/\",\"name\":\"Droits de la personne - PCJ CCP\",\"isPartOf\":{\"@id\":\"https:\\\/\\\/pcj-ccp.ca\\\/#website\"},\"datePublished\":\"2025-05-28T15:34:54+00:00\",\"dateModified\":\"2026-03-09T15:50:58+00:00\",\"description\":\"Composition du Comit\u00e9 d'experts des droits de la personne et calendrier des dates limites pour soumettre une demande de financement.\",\"breadcrumb\":{\"@id\":\"https:\\\/\\\/pcj-ccp.ca\\\/fr\\\/droits-de-la-personne\\\/#breadcrumb\"},\"inLanguage\":\"fr-FR\",\"potentialAction\":[{\"@type\":\"ReadAction\",\"target\":[\"https:\\\/\\\/pcj-ccp.ca\\\/fr\\\/droits-de-la-personne\\\/\"]}]},{\"@type\":\"BreadcrumbList\",\"@id\":\"https:\\\/\\\/pcj-ccp.ca\\\/fr\\\/droits-de-la-personne\\\/#breadcrumb\",\"itemListElement\":[{\"@type\":\"ListItem\",\"position\":1,\"name\":\"Home\",\"item\":\"https:\\\/\\\/pcj-ccp.ca\\\/fr\\\/\"},{\"@type\":\"ListItem\",\"position\":2,\"name\":\"Droits de la personne\"}]},{\"@type\":\"WebSite\",\"@id\":\"https:\\\/\\\/pcj-ccp.ca\\\/#website\",\"url\":\"https:\\\/\\\/pcj-ccp.ca\\\/\",\"name\":\"PCJ CCP\",\"description\":\"\",\"potentialAction\":[{\"@type\":\"SearchAction\",\"target\":{\"@type\":\"EntryPoint\",\"urlTemplate\":\"https:\\\/\\\/pcj-ccp.ca\\\/?s={search_term_string}\"},\"query-input\":{\"@type\":\"PropertyValueSpecification\",\"valueRequired\":true,\"valueName\":\"search_term_string\"}}],\"inLanguage\":\"fr-FR\"}]}<\/script>\n<!-- \/ Yoast SEO plugin. -->","yoast_head_json":{"title":"Droits de la personne - PCJ CCP","description":"Composition du Comit\u00e9 d'experts des droits de la personne et calendrier des dates limites pour soumettre une demande de financement.","robots":{"index":"index","follow":"follow","max-snippet":"max-snippet:-1","max-image-preview":"max-image-preview:large","max-video-preview":"max-video-preview:-1"},"canonical":"https:\/\/pcj-ccp.ca\/fr\/droits-de-la-personne\/","og_locale":"fr_FR","og_type":"article","og_title":"Droits de la personne - PCJ CCP","og_description":"Composition du Comit\u00e9 d'experts des droits de la personne et calendrier des dates limites pour soumettre une demande de financement.","og_url":"https:\/\/pcj-ccp.ca\/fr\/droits-de-la-personne\/","og_site_name":"PCJ CCP","article_modified_time":"2026-03-09T15:50:58+00:00","twitter_card":"summary_large_image","twitter_misc":{"Dur\u00e9e de lecture estim\u00e9e":"1 minute"},"schema":{"@context":"https:\/\/schema.org","@graph":[{"@type":"WebPage","@id":"https:\/\/pcj-ccp.ca\/fr\/droits-de-la-personne\/","url":"https:\/\/pcj-ccp.ca\/fr\/droits-de-la-personne\/","name":"Droits de la personne - PCJ CCP","isPartOf":{"@id":"https:\/\/pcj-ccp.ca\/#website"},"datePublished":"2025-05-28T15:34:54+00:00","dateModified":"2026-03-09T15:50:58+00:00","description":"Composition du Comit\u00e9 d'experts des droits de la personne et calendrier des dates limites pour soumettre une demande de financement.","breadcrumb":{"@id":"https:\/\/pcj-ccp.ca\/fr\/droits-de-la-personne\/#breadcrumb"},"inLanguage":"fr-FR","potentialAction":[{"@type":"ReadAction","target":["https:\/\/pcj-ccp.ca\/fr\/droits-de-la-personne\/"]}]},{"@type":"BreadcrumbList","@id":"https:\/\/pcj-ccp.ca\/fr\/droits-de-la-personne\/#breadcrumb","itemListElement":[{"@type":"ListItem","position":1,"name":"Home","item":"https:\/\/pcj-ccp.ca\/fr\/"},{"@type":"ListItem","position":2,"name":"Droits de la personne"}]},{"@type":"WebSite","@id":"https:\/\/pcj-ccp.ca\/#website","url":"https:\/\/pcj-ccp.ca\/","name":"PCJ CCP","description":"","potentialAction":[{"@type":"SearchAction","target":{"@type":"EntryPoint","urlTemplate":"https:\/\/pcj-ccp.ca\/?s={search_term_string}"},"query-input":{"@type":"PropertyValueSpecification","valueRequired":true,"valueName":"search_term_string"}}],"inLanguage":"fr-FR"}]}},"_links":{"self":[{"href":"https:\/\/pcj-ccp.ca\/fr\/wp-json\/wp\/v2\/pages\/8650","targetHints":{"allow":["GET"]}}],"collection":[{"href":"https:\/\/pcj-ccp.ca\/fr\/wp-json\/wp\/v2\/pages"}],"about":[{"href":"https:\/\/pcj-ccp.ca\/fr\/wp-json\/wp\/v2\/types\/page"}],"author":[{"embeddable":true,"href":"https:\/\/pcj-ccp.ca\/fr\/wp-json\/wp\/v2\/users\/3"}],"replies":[{"embeddable":true,"href":"https:\/\/pcj-ccp.ca\/fr\/wp-json\/wp\/v2\/comments?post=8650"}],"version-history":[{"count":8,"href":"https:\/\/pcj-ccp.ca\/fr\/wp-json\/wp\/v2\/pages\/8650\/revisions"}],"predecessor-version":[{"id":10656,"href":"https:\/\/pcj-ccp.ca\/fr\/wp-json\/wp\/v2\/pages\/8650\/revisions\/10656"}],"wp:attachment":[{"href":"https:\/\/pcj-ccp.ca\/fr\/wp-json\/wp\/v2\/media?parent=8650"}],"curies":[{"name":"wp","href":"https:\/\/api.w.org\/{rel}","templated":true}]}}

<p><div class="fusion-fullwidth fullwidth-box fusion-builder-row-1 fusion-flex-container nonhundred-percent-fullwidth non-hundred-percent-height-scrolling" style="--awb-border-radius-top-left:0px;--awb-border-radius-top-right:0px;--awb-border-radius-bottom-right:0px;--awb-border-radius-bottom-left:0px;--awb-padding-right:10%;--awb-padding-left:10%;--awb-flex-wrap:wrap;" ><div class="fusion-builder-row fusion-row fusion-flex-align-items-stretch fusion-flex-content-wrap" style="max-width:1248px;margin-left: calc(-4% / 2 );margin-right: calc(-4% / 2 );"><div class="fusion-layout-column fusion_builder_column fusion-builder-column-0 fusion_builder_column_1_1 1_1 fusion-flex-column" style="--awb-bg-blend:overlay;--awb-bg-size:cover;--awb-width-large:100%;--awb-margin-top-large:10px;--awb-spacing-right-large:1.92%;--awb-margin-bottom-large:10px;--awb-spacing-left-large:1.92%;--awb-width-medium:100%;--awb-order-medium:0;--awb-spacing-right-medium:1.92%;--awb-spacing-left-medium:1.92%;--awb-width-small:100%;--awb-order-small:0;--awb-spacing-right-small:1.92%;--awb-spacing-left-small:1.92%;"><div class="fusion-column-wrapper fusion-column-has-shadow fusion-flex-justify-content-flex-start fusion-content-layout-column"><div class="fusion-text fusion-text-1" style="--awb-text-transform:none;"><p>Le Comité d&rsquo;experts des droits de la personne prend toute décision conformément à son <a href="https://pcj-ccp.ca/wp-content/uploads/2025/06/Cadre-de-reference-HRDP_Mai2025.pdf">Cadre de référence</a>. Il se réunit généralement 4 fois par année.</p>
<p><span style="background-color: rgba(255, 255, 255, 0); color: var(--body_typography-color); font-family: var(--body_typography-font-family); font-size: var(--body_typography-font-size); font-style: var(--body_typography-font-style,normal); font-weight: var(--body_typography-font-weight); letter-spacing: var(--body_typography-letter-spacing);">Il est actuellement formé de </span><span style="background-color: rgba(255, 255, 255, 0); color: var(--body_typography-color); font-family: var(--body_typography-font-family); font-size: var(--body_typography-font-size); font-style: var(--body_typography-font-style,normal); font-weight: var(--body_typography-font-weight); letter-spacing: var(--body_typography-letter-spacing);">Catherine Dauvergne (présidente), Lucie Lamarche, Brenda Young, Samantha Peters, Edward Béchard Torres, Shalini Konanur et Patricia Paradis. Les biographies des membres peuvent être consultées sur le <a href="https://www.canada.ca/fr/patrimoine-canadien/services/financement/programme-contestation-judiciaire/membres-comite-droits-personne.html">site Web de Patrimoine canadien</a>. </span></p>
<p><span style="background-color: rgba(255, 255, 255, 0); color: var(--body_typography-color); font-family: var(--body_typography-font-family); font-size: var(--body_typography-font-size); font-style: var(--body_typography-font-style,normal); font-weight: var(--body_typography-font-weight); letter-spacing: var(--body_typography-letter-spacing);"> </span></p>
</div></div></div></div></div><div class="fusion-fullwidth fullwidth-box fusion-builder-row-2 fusion-flex-container nonhundred-percent-fullwidth non-hundred-percent-height-scrolling" style="--awb-border-radius-top-left:0px;--awb-border-radius-top-right:0px;--awb-border-radius-bottom-right:0px;--awb-border-radius-bottom-left:0px;--awb-padding-right:30%;--awb-padding-left:30%;--awb-flex-wrap:wrap;" ><div class="fusion-builder-row fusion-row fusion-flex-align-items-flex-start fusion-flex-content-wrap" style="max-width:1248px;margin-left: calc(-4% / 2 );margin-right: calc(-4% / 2 );"><div class="fusion-layout-column fusion_builder_column fusion-builder-column-1 fusion_builder_column_1_1 1_1 fusion-flex-column" style="--awb-bg-size:cover;--awb-width-large:100%;--awb-margin-top-large:10px;--awb-spacing-right-large:1.92%;--awb-margin-bottom-large:10px;--awb-spacing-left-large:1.92%;--awb-width-medium:100%;--awb-order-medium:0;--awb-spacing-right-medium:1.92%;--awb-spacing-left-medium:1.92%;--awb-width-small:100%;--awb-order-small:0;--awb-spacing-right-small:1.92%;--awb-spacing-left-small:1.92%;"><div class="fusion-column-wrapper fusion-column-has-shadow fusion-flex-justify-content-flex-start fusion-content-layout-column"><div class="fusion-text fusion-text-2" style="--awb-text-transform:none;"><h2 style="text-align: center;">Calendrier des dates limites<br />
pour soumettre des demandes et<br />
des dates de réunion du Comité d’experts</h2>
</div>
<div class="table-2">
<table width="100%">
<thead>
<tr>
<th style="text-align: center;" align="left">Dates limites pour soumettre une demande</th>
<th style="text-align: center;" align="left">Dates des réunions du Comité d&rsquo;experts</th>
</tr>
</thead>
<tbody>
<tr>
<td style="text-align: center;" align="left">22 janvier 2026</td>
<td style="text-align: center;" align="left">4 mars 2026</td>
</tr>
<tr>
<td style="text-align: center;" align="left"><strong>15 avril 2026</strong></td>
<td style="text-align: center;" align="left"><strong>5 juin 2026</strong></td>
</tr>
<tr>
<td style="text-align: center;" align="left">20 juillet 2026</td>
<td style="text-align: center;" align="left">11 septembre 2026</td>
</tr>
<tr>
<td style="text-align: center;" align="left">16 octobre 2026</td>
<td style="text-align: center;" align="left">7 décembre 2026</td>
</tr>
</tbody>
</table>
</div>
<div class="fusion-separator fusion-full-width-sep" style="align-self: center;margin-left: auto;margin-right: auto;margin-bottom:25px;width:100%;"></div><div class="fusion-text fusion-text-3" style="--awb-font-size:18px;--awb-line-height:1.2;--awb-letter-spacing:0px;--awb-text-transform:none;--awb-text-color:var(--awb-custom10);--awb-text-font-family:&quot;Raleway&quot;;--awb-text-font-style:normal;--awb-text-font-weight:700;"><p class="fusion-responsive-typography-calculated" style="--fontsize: 18; line-height: 1.2; --minfontsize: 18; text-align: center;" data-fontsize="18" data-lineheight="21.6px"><strong>*Les demandes reçues après la date limite seront traitées lors de la réunion suivante du Comité d’experts.</strong></p>
</div></div></div></div></div></p>

<!-- This site is optimized with the Yoast SEO plugin v27.3 - https://yoast.com/product/yoast-seo-wordpress/ -->
<title>Droits de la personne - PCJ CCP</title>
<meta name="description" content="Composition du Comité d&#039;experts des droits de la personne et calendrier des dates limites pour soumettre une demande de financement." />
<meta name="robots" content="index, follow, max-snippet:-1, max-image-preview:large, max-video-preview:-1" />
<link rel="canonical" href="https://pcj-ccp.ca/fr/droits-de-la-personne/" />
<meta property="og:locale" content="fr_FR" />
<meta property="og:type" content="article" />
<meta property="og:title" content="Droits de la personne - PCJ CCP" />
<meta property="og:description" content="Composition du Comité d&#039;experts des droits de la personne et calendrier des dates limites pour soumettre une demande de financement." />
<meta property="og:url" content="https://pcj-ccp.ca/fr/droits-de-la-personne/" />
<meta property="og:site_name" content="PCJ CCP" />
<meta property="article:modified_time" content="2026-03-09T15:50:58+00:00" />
<meta name="twitter:card" content="summary_large_image" />
<meta name="twitter:label1" content="Durée de lecture estimée" />
	<meta name="twitter:data1" content="1 minute" />
<script type="application/ld+json" class="yoast-schema-graph">{"@context":"https:\/\/schema.org","@graph":[{"@type":"WebPage","@id":"https:\/\/pcj-ccp.ca\/fr\/droits-de-la-personne\/","url":"https:\/\/pcj-ccp.ca\/fr\/droits-de-la-personne\/","name":"Droits de la personne - PCJ CCP","isPartOf":{"@id":"https:\/\/pcj-ccp.ca\/#website"},"datePublished":"2025-05-28T15:34:54+00:00","dateModified":"2026-03-09T15:50:58+00:00","description":"Composition du Comité d'experts des droits de la personne et calendrier des dates limites pour soumettre une demande de financement.","breadcrumb":{"@id":"https:\/\/pcj-ccp.ca\/fr\/droits-de-la-personne\/#breadcrumb"},"inLanguage":"fr-FR","potentialAction":[{"@type":"ReadAction","target":["https:\/\/pcj-ccp.ca\/fr\/droits-de-la-personne\/"]}]},{"@type":"BreadcrumbList","@id":"https:\/\/pcj-ccp.ca\/fr\/droits-de-la-personne\/#breadcrumb","itemListElement":[{"@type":"ListItem","position":1,"name":"Home","item":"https:\/\/pcj-ccp.ca\/fr\/"},{"@type":"ListItem","position":2,"name":"Droits de la personne"}]},{"@type":"WebSite","@id":"https:\/\/pcj-ccp.ca\/#website","url":"https:\/\/pcj-ccp.ca\/","name":"PCJ CCP","description":"","potentialAction":[{"@type":"SearchAction","target":{"@type":"EntryPoint","urlTemplate":"https:\/\/pcj-ccp.ca\/?s={search_term_string}"},"query-input":{"@type":"PropertyValueSpecification","valueRequired":true,"valueName":"search_term_string"}}],"inLanguage":"fr-FR"}]}</script>
<!-- / Yoast SEO plugin. -->

Composition du Comité d'experts des droits de la personne et calendrier des dates limites pour soumettre une demande de financement.
